9
Calculate -2 - -2 - (12 - (11 + -2)).
-3
6 - (9 + -3 - 6) - 6
0
What is the value of -2 - (-3 - (-4 - -8))?
5
2 + -2 + (1 - -1) + -4
-2
Evaluate (-5 - -3) + 0 + -2 + 1.
-3
Calculate -3 + -5 + (9 - 5).
-4
Evaluate -7 + 5 + -7 + 3.
-6
What is (0 - -1) + 6 + -11?
-4
2 + 0 + (7 - (-1 + 0))
10
-1 + (-7 - -6) - 2
-4
What is the value of -2 + -1 + -1 + 2?
-2
What is the value of 6 + -6 + 0 + 1?
1
What is the value of 1 + 5 + (31 - 33)?
4
Calculate -2 + 5 + (2 - 11 - -2).
-4
Calculate 7 + (13 - 19) + (2 - 2).
1
Calculate -3 + 4 - 4 - (3 - 9).
3
What is (1 - (-4 + 1 + 1)) + -3?
0
Evaluate 7 - (3 - (-1 - -1)).
4
Evaluate 0 - (0 + 0 - (-2 + 1)).
-1
Calculate 17 + (-20 - -10) + -2 + 0.
5
-1 + (3 - -7) + -3
6
What is the value of 0 - 4 - 4 - -5?
-3
Calculate -4 + 3 + 1 + -3 + 2.
-1
What is -2 + (2 - (0 - (-4 - 1)))?
-5
17 - 0 - ((-26 - -15) + 18)
10
Evaluate 1 + -3 + 1 - -3.
2
What is 3 + (1 - 4) + -1?
-1
(-5 - 3) + -18 + 29
3
Calculate 6 + (-15 - 0) - -5.
-4
(-9 - -15) + -6 + 2
2
What is (-8 - 2 - (12 - 18)) + 4?
0
Calculate (1 + -5 - 0) + 3.
-1
What is -4 + -3 + 8 - -3 - 7?
-3
2 + -4 + 3 - 0 - 2
-1
What is -6 + (4 - 4) + 8 + -7?
-5
Evaluate -5 + (2 + 1 - -5) + -5.
-2
What is 4 + 1 - (1 - 1)?
5
What is the value of -4 - -1 - ((-6 - -3) + 1)?
-1
Calculate 9 - (5 - 7) - 5.
6
What is the value of -4 - 0 - (0 + -4)?
0
What is 2 - (-2 + (7 - (1 - -1)))?
-1
Evaluate (2 - (1 + 5)) + 14 + -14.
-4
What is (6 + -1 - 4) + (-2 - -4)?
3
Calculate -12 + 2 - (3 - 8).
-5
Calculate -6 + (-3 - (-9 + -1)).
1
Evaluate -9 + 3 + -3 + 6.
-3
(-2 - (1 - 3 - -4)) + 4
0
What is -2 + 16 + (-2 - 4)?
8
Evaluate -10 + 1 - -12 - 1.
2
Calculate (1 - -3) + 4 + -5.
3
What is the value of (0 - (0 - 1 - -5)) + -2?
-6
Evaluate 1 + 6 + (-2 - 4).
1
(-7 - -16) + (-2 + 3 - 2)
8
(-3 - 2) + -2 + 0 + 3
-4
What is -9 - (6 + -9 - -4) - -2?
-8
(-10 - -15) + 16 - 14
7
What is the value of (-1 - -5) + 3 + -7 + 4?
4
Calculate -8 - 2 - (44 - 49).
-5
Calculate 11 - ((0 - -7) + 3).
1
(-3 - (3 - 11)) + -5
0
What is the value of (-9 - -14) + -2 + -3?
0
Evaluate (-1 - 2) + 43 + -38.
2
What is the value of -4 + (7 - 0) + 2?
5
-2 + -1 + 1 - (9 - 6)
-5
What is (-4 - (-1 - 1)) + -3?
-5
5 + (1 - (-5 - -9))
2
(0 - -6) + (-1 + -5 - -4)
4
What is 5 + (2 - (6 - -1)) + -6?
-6
Evaluate 1 + 1 - (-14 + 29 - 11).
-2
Calculate -5 - -4 - (-2 - -11 - 3).
-7
What is the value of 14 + (0 - 5) - 8?
1
-6 + 23 + -11 + -1
5
Evaluate 6 + -1 + -2 + -2.
1
4 + (3 - -3 - 9)
1
Calculate -10 + 10 - (-4 - 0 - -1).
3
Evaluate (0 - 0 - 0) + -2 - -3.
1
(-4 - -12 - 9) + 0 + -7
-8
What is the value of -1 - (12 + 1 + 14 + -19)?
-9
What is -9 - -3 - (4 - 5)?
-5
Evaluate -2 + (2 - 3 - -3) + -2.
-2
What is the value of 0 + (5 - -6 - 6)?
5
What is -2 - 2 - (-2 + -5)?
3
What is the value of -2 - (2 - 2 - (-6 + 4))?
-4
(25 - 20) + (-9 - 0)
-4
What is the value of -14 - (12 + (-4 - 2) - 12)?
-8
What is the value of 4 - (8 + (6 - 4))?
-6
1 + -5 - (-16 - -15)
-3
What is (-53 - -54) + (0 + -2 - -2)?
1
Calculate -6 + -3 - (4 - 8).
-5
Calculate -5 - -13 - (4 - 1).
5
What is -15 + 9 - (-4 + -2) - -6?
6
-41 + 24 - ((-2 - 0) + -5)
-10
What is the value of 2 - (8 + -4) - 0?
-2
(-4 - (-3 - -2)) + 12 + -8
1
(-8 + 8 - 5) + (8 - 1)
2
Evaluate (4 - 3) + (3 - 7) + -2.
-5
Evaluate (0 - 3) + 1 + 5 + 0.
3
What is the value of -2 + -7 - -5 - (-7 - -2)?
1
(-10 - -6) + (1 - -5)
2
Evaluate 1 + (-5 - (-19 + 7)).
8
What is the value of 0 - (-6 - -7) - -3?
2
Evaluate 0 + (-2 + 5 - 4) + -5.
-6
What is the value of 4 - (0 - (-6 + 4)) - 0?
2
-77 + 82 + (0 + 2 - 5)
2
Evaluate (-2 - -2) + -24 + 1 + 15.
-8
-10 + 1 + 2 + -6 + 8
-5
Evaluate -13 + -1 + -108 + 116.
-6
-19 + 13 + (0 - -6) + 1
1
(-1 - 7) + (61 - 59)
-6
Evaluate 4 - 0 - (8 - 3).
-1
What is -8 + -11 + -1 + 15?
-5
What is the value of (4 - (3 - 2)) + (5 - 8)?
0
Calculate (-12 - -19) + -16 + 0 + 3.
-6
What is the value of -9 + 2 + 5 - 3?
-5
Evaluate 10 + -6 + -1 + -3 + -2.
-2
Evaluate (-17 - 12) + 12 - -9.
-8
What is -11 + 7 + (-11 - -13)?
-2
What is the value of 3 + 6 + 0 + -12?
-3
Calculate (2 - (4 + -10 + 7)) + 3.
4
(1 + 1 - -2) + -36 + 30
-2
What is the value of -5 - 6 - (-7 + 3 + -1)?
-6
What is the value of ((5 - 9) + 0 - -9) + -9?
-4
-1 + -3 + -4 + (-8 - -9)
-7
What is the value of 4 + -2 + -9 - -2?
-5
0 + (3 - (2 - (1 + -1)))
1
Evaluate 1 + (6 - (1 - -8)).
-2
228 + -232 + (1 - (0 + -1))
-2
(300 - 286) + -26 + 1
-11
3 - (7 + -3) - 2
-3
What is 0 + (1 - 3) + (1 - -1)?
0
Evaluate (-3 - -5 - (-2 + 4)) + -4.
-4
What is 4 - 2 - 8 - (68 + -75)?
1
Evaluate 24 + -6 + -4 + -7.
7
What is the value of 10 + -8 + (-6 - 2)?
-6
(-62 - -68) + 0 + 1
7
What is the value of (3 + 1 - 8) + 2?
-2
4 - 2 - (-5 + 4)
3
What is -2 + (-5 - (-12 - -3))?
2
Calculate (6 - 1) + -10 + (6 - 0).
1
Evaluate -2 + 2 + 6 + 2 + -16.
-8
4 + (-8 - 1) + 2
-3
Evaluate (2 - -8) + 11 + -16.
5
Calculate -1 - 1 - (-6 - (-2 - 4)).
-2
What is 6 + (-6 - (0 - 2 - -6))?
-4
What is the value of -6 - (-2 + (-2 - -1))?
-3
What is 0 + (3 - 2 - -1 - 4)?
-2
Evaluate 1 - (0 - -3 - 7).
5
1 + -5 + 0 + 0
-4
What is the value of 15 - 7 - 7 - 4?
-3
What is the value of 2 + -7 + (-6 - -7)?
-4
Calculate 1 + 11 + -4 + -3.
5
-4 + (0 - (-6 - 2))
4
What is 7 + (-54 - -52) + (-1 - -2)?
6
What is (-3 + -1 - -3) + (0 - -3)?
2
What is -7 - (-7 + (1 - -1))?
-2
What is the value of 5 - (4 - (-5 + 4))?
0
0 - (-4 + (11 - 4))
-3
What is the value of (-11 - 0) + (-46 - -54)?
-3
3 + (-3 - (-1 - -3)) - -1
-1
1 - 2 - (3 + 2 + -6)
0
Calculate 2 - (0 + 10 - 4).
-4
What is the value of -3 + (3 - -5) + -7?
-2
Calculate 9 + (5 - 1) + -9 + -4.
0
8 - ((7 - 1) + 4) - 5
-7
What is the value of (5 - -1) + (0 - 3)?
3
What is the value of -1 + 4 + 0 + -4?
-1
Calculate -3 - 0 - -2 - -4.
3
Calculate (10 - 8) + -3 + 11.
10
What is the value of 3 - (-3 - (-8 - -5 - 5))?
-2
What is (1 - -6) + (14 - 19 - -9)?
11
Evaluate 4 + -1 + -2 + 4.
5
What is 4 + -1 - (-1 + -11 + 7)?
8
-2 - (-1 - 8 - -1)
6
Evaluate 4 - -2 - (-4 + 21 + -4).
-7
2 + (4 - 1 - (-4 + 11))
-2
0 - 2 - ((5 - -6) + -9)
-4
3 - (-4 - (-2 - 0))
5
(-7 - -2) + 7 - (1 + -5)
6
What is the value of 1 + 0 - (4 + 0)?
-3
What is 1 + (8 + 1 - 3)?
7
Calculate (0 - -4) + 1 + 1 + -4.
2
Calculate (-87 - -84) + (1 - 2).
-4
Calculate 4 + 1 + (-2 - 8).
-5
Evaluate 1 + -1 + 0 + (18 - 15).
3
Evaluate (4 - (7 + -2) - 4) + 1.
-4
What is the value of 4 + -2 + (-5 - -2)?
-1
Calculate 6 + (3 - 2) - 6.
1
What is the value of -1 - (-1 - 3 - (-7 + 11))?
7
Calculate -3 + 1 + 5 + (-3 - -1).
1
What is the value of 3 + -1 - (72 + -65)?
-5
Evaluate -8 + 3 + (3 - 5) + 2.
-5
What is the value of (-6 - -4 - 1) + 10?
7
(6 - 13) + (-2 - 3 - -11)
-1
What is the value of 1 + (7 - 5 - 4)?
-1
What is the value of -10 - ((-19 - -20) + 1 + -5)?
-7
What is 5 + -2 + 1 - 2?
2
Calculate 1 + -5 - (-5 - (-5 + -2)).
-6
What is the value of (-7 - -6 - 3) + 1?
-3
Evaluate 8 - (-8 - -1 - -7).
8
Calculate 0 + (-1 - ((-4 - 0) + 5)).
-2
Calculate -2 + -1 - (11 - 18).
4
Calculate 4 + 9 + (-9 - 6).
-2
Calculate (-2 - -4) + -4 + 3.
1
Evaluate (2 - 5) + 5 + 2 + -2.
2
What is the value of 1 + (-2 + 6 - (-1 - -2))?
4
What is the value of -8 + -3 - -13 - 2?
0
Evaluate 4 - 3 - (1 + (-7 - 2)).
9
What is the value of (2 - 0) + (178 - 181)?
-1
Evaluate -14 - (-14 - 4 - -11).
-7
Evaluate (0 + -2 - 3) + 7 + -3.
-1
What is the value of -3 + (4 - (-4 + 0))?
5
What is (0 - 0) + (1 - (1 + -1))?
1
Calculate -8 + 23 - 11 - (4 + -1).
1
Evaluate -2 + -2 + (0 - -6).
2
Calculate (5 - 13) + 7 + 3.
2
What is 4 - (-3 - (-1 - 1))?
5
Evaluate -5 - (-4 + 4 - (0 + 8)).
3
What is -8 - (1 - 3) - (-4 - 2)?
0
What is -15 + (-7 - -19) + (0 - -7)?
4
2 - (5 - (2 + -3))
-4
(5 - 7 - -11) + (-1 - 4)
4
-2 + 3 + 1 + (1 - -1)
4
Evaluate (-4 - -11 - 9 - -11) + 0.
9
Calculate -10 - -4 - (-11 - 0).
5
Calculate 2 - (-5 + 17) - -13.
3
What is 0 - -2 - (-3 + 5 - 2)?
2
What is the value of -1 - (1 - 5) - 9 - -15?
9
What is -12 + 0 - (-31 - -20)?
-1
What is the value of -6 + (-3 - -7) + 0?
-2
Evaluate 3 - 4 - (-6 + 1).
4
Calculate 2 + -5 - (10 + (1 - 22)).
8
Evaluate (0 - (3 - 1)) + -2 + 5.
1
Evaluate 2 + (2 + 1 - 2) - -1.
4
Evaluate -43 + 38 + (-1 - -3).
-3
Evaluate (-2 + 7 - 2 - 5) + 7.
5
What is the value of 2 + -1 + -1 + -3 - -3?
0
What is the value of -2 + -1 + (11 - (23 - 12))?
-3
What is 1 - -4 - 1 - (15 + -6)?
-5
Evaluate 6 - 1 - 1 - (9 + -1).
-4
Eval